11
-3310246 (base 13) to base 3
-1002101202002101
-2100001 (base 3) to base 9
-2301
Convert -528032 (base 14) to base 6.
-135431100
What is 22114 (base 5) in base 14?
7b8
-4a4264 (base 12) to base 5
-302204324
-187c2 (base 16) to base 2
-11000011111000010
1101130111 (base 4) to base 14
897db
Convert -424555223 (base 6) to base 13.
-172cc89
What is -2412017 (base 8) in base 6?
-22053503
Convert 95ab8c (base 15) to base 7.
114360156
Convert 102300112 (base 4) to base 12.
3855a
What is -111110010001100010 (base 2) in base 7?
-2111441
-227821 (base 9) to base 15
-2a8ca
What is ce92 (base 15) in base 16?
ab0b
13331554 (base 9) to base 15
89d38a
Convert 23361501 (base 7) to base 14.
3baa01
Convert 161049 (base 11) to base 10.
250281
-5211252 (base 6) to base 16
-3d250
-2114132332 (base 5) to base 15
-5cb5e7
-111110110111011000 (base 2) to base 15
-51466
-121100221020122 (base 3) to base 9
-17327218
Convert -d752 (base 16) to base 13.
-1c122
What is 20100003221 (base 4) in base 3?
11001212222012
What is -1001001001101000000110 (base 2) in base 9?
-4455381
-30233123131 (base 4) to base 15
-45e967
What is -8680c (base 13) in base 10?
-243034
Convert -17247150 (base 8) to base 13.
-aa89a1
-42310221 (base 5) to base 7
-3002343
232311211123 (base 4) to base 11
6a267a6
Convert -10110112122 (base 3) to base 8.
-205140
Convert 1517952 (base 10) to base 6.
52311320
What is -142628 (base 10) in base 6?
-3020152
Convert -3622a (base 13) to base 3.
-12001010112
-11121313323 (base 4) to base 11
-888429
Convert 8a029 (base 16) to base 2.
10001010000000101001
7383204 (base 9) to base 10
3952075
What is 2dd830 (base 16) in base 6?
144221320
1173338 (base 10) to base 7
12654545
What is -834232 (base 11) in base 3?
-2111222022001
-16407150 (base 9) to base 11
-46aa640
What is -240504133 (base 6) in base 9?
-8446533
Convert 30177014 (base 8) to base 14.
bb6712
2625a8 (base 12) to base 7
5216123
Convert 14463b4 (base 13) to base 2.
11000100100010001111101
-6288443 (base 9) to base 2
-1100110101101000110011
c23af (base 16) to base 2
11000010001110101111
Convert -1809b2 (base 14) to base 7.
-10125412
1001110110001010011100 (base 2) to base 15
35ebb8
100001110101010000 (base 2) to base 8
416520
a45101 (base 11) to base 6
55530323
What is 110101111000101100 (base 2) in base 8?
657054
Convert 2133122 (base 7) to base 15.
52252
What is 20112 (base 4) in base 12?
386
What is 1323274 (base 8) in base 6?
11534352
Convert e5abae (base 15) to base 5.
10243431024
Convert -1985a1 (base 11) to base 15.
-601de
-101001011000001011111000 (base 2) to base 12
-3771220
What is -49562 (base 12) in base 6?
-2043402
Convert -110000000010010011 (base 2) to base 4.
-300002103
What is 3663311 (base 10) in base 13?
9b3552
-1002122133200 (base 4) to base 6
-1421053532
What is 189e2f (base 16) in base 9?
3028101
432b0 (base 13) to base 6
2333352
What is -1101100010101000010001 (base 2) in base 8?
-15425021
841863 (base 13) to base 7
35151360
What is 14cdcb2 (base 14) in base 10?
10180004
19316 (base 12) to base 7
212052
What is 14206 (base 14) in base 12?
24992
Convert 441576 (base 9) to base 13.
93003
What is -5b04a (base 16) in base 14?
-99c14
Convert 148b3c (base 14) to base 2.
10101110101110000010
What is 101111100110100101001 (base 2) in base 7?
16154444
What is 3514686 (base 10) in base 15?
4965c6
What is 1511230 (base 6) in base 10?
87138
-11969 (base 10) to base 2
-10111011000001
Convert -1211020002 (base 4) to base 13.
-1166c4
2201112220101 (base 3) to base 16
16172b
-2115200 (base 6) to base 9
-167020
13021153 (base 8) to base 4
23002021223
What is -40021342 (base 6) in base 15?
-1729ab
Convert 1179456 (base 10) to base 4.
10133331000
What is 112120312131 (base 4) in base 14?
acab93
182828 (base 9) to base 8
336005
Convert 1110100110111011001100 (base 2) to base 10.
3829452
24233130 (base 5) to base 3
102112210011
What is -31340142 (base 5) in base 15?
-52917
Convert -4ad9d (base 14) to base 11.
-1160a3
Convert 210525555 (base 6) to base 9.
6831588
What is 210112212220 (base 3) in base 11?
26a781
-13114342 (base 5) to base 14
-351d1
10100110000001010100 (base 2) to base 4
2212001110
5979 (base 10) to base 9
8173
What is 25034242 (base 6) in base 9?
1445578
Convert -10000010101010001011010 (base 2) to base 10.
-4281434
Convert 54030032 (base 6) to base 13.
438a70
Convert -1560222 (base 8) to base 9.
-756224
Convert -1131110322 (base 4) to base 10.
-382266
3a2b97 (base 16) to base 3
21011200102100
Convert -101044312 (base 5) to base 4.
-1203323310
Convert -1197964 (base 13) to base 11.
-30a8327
What is 10100010101111010 (base 2) in base 4?
110111322
Convert 119500 (base 11) to base 2.
101101111101110100
What is 1211600 (base 7) in base 10?
154301
631150 (base 7) to base 13
3a4b0
2104554 (base 8) to base 11
352378
Convert 10b74a6 (base 13) to base 11.
2a02728
-4b3a7 (base 14) to base 16
-2d107
What is -313786 (base 9) in base 6?
-3555340
Convert -249604 (base 13) to base 14.
-18bb93
Convert -12e667 (base 15) to base 13.
-25ab7b
What is -4094917 (base 10) in base 13?
-b04b38
-127583 (base 10) to base 6
-2422355
-328032 (base 11) to base 10
-523118
Convert 6a302 (base 11) to base 14.
28dd7
Convert -3373329 (base 11) to base 6.
-330320342
-519dc0 (base 15) to base 14
-7304cc
What is 120343500 (base 6) in base 16?
229e9c
What is 4898a (base 12) in base 15?
1e14a
-365675 (base 9) to base 7
-1606322
What is -101101110101100111 (base 2) in base 10?
-187751
What is 31d3a (base 14) in base 9?
203371
Convert 22305441 (base 6) to base 5.
133142021
Convert -5249a8 (base 11) to base 13.
-235a97
What is -1000100010001011100110 (base 2) in base 7?
-25005220
Convert -10111112112 (base 3) to base 9.
-114475
Convert -1978a (base 12) to base 7.
-214021
What is 51aa2 (base 13) in base 3?
21110101221
Convert 463630 (base 11) to base 4.
2303320202
7658365 (base 9) to base 13
b10323
1100101011 (base 3) to base 9
40334
-4355030 (base 6) to base 10
-217530
8051bb (base 14) to base 13
b81a5a
211203302 (base 4) to base 11
a5647
Convert -1d8324 (base 16) to base 7.
-22303552
-17379 (base 13) to base 16
-ae03
What is 13877 (base 16) in base 6?
1414155
What is -1224353 (base 8) in base 5?
-41310110
What is 1033202122 (base 4) in base 7?
2524546
Convert 220221001 (base 3) to base 14.
68a0
What is -4ba3d (base 16) in base 7?
-2430161
What is -104033 (base 9) in base 3?
-10011001010
Convert -32313220 (base 7) to base 13.
-758293
Convert -1413022403 (base 5) to base 11.
-2068507
-ca (base 14) to base 5
-1203
Convert 201120101010000 (base 3) to base 5.
10130244440
449642 (base 11) to base 4
2232223333
-211002122221220 (base 3) to base 12
-3b24480
-24445241 (base 7) to base 2
-1000011000001110000100
What is 41134 (base 6) in base 12?
31aa
What is -341141431 (base 5) in base 13?
-40955b
Convert -53311610 (base 7) to base 12.
-1622168
10133121020 (base 4) to base 14
228dcc
Convert -20201111102120 (base 3) to base 14.
-68dc84
What is -2101200 (base 4) in base 13?
-4314
What is 1010320 (base 5) in base 6?
203343
What is 1003011112 (base 4) in base 12?
11301a
What is -110110110110000110100 (base 2) in base 8?
-6666064
Convert -1131233011 (base 4) to base 2.
-1011101101111000101
What is -10001111211201 (base 3) in base 14?
-303c2c
Convert 10001200220 (base 3) to base 5.
3412123
-653d0 (base 14) to base 9
-413046
Convert -546541 (base 7) to base 3.
-11212122111
What is -2779a4 (base 11) in base 7?
-3461353
650233 (base 7) to base 10
112969
What is -a87a (base 14) in base 2?
-111000110111100
What is 22004023 (base 6) in base 12?
276613
-112312020001 (base 4) to base 7
-101622151
-1892196 (base 11) to base 14
-5d2318
What is -10011001010000110 (base 2) in base 7?
-444530
-2316626 (base 9) to base 7
-13431420
12120200210120 (base 3) to base 4
23110022022
-32a53a (base 12) to base 5
-201243024
-5555133 (base 7) to base 14
-13c053
What is 22422353 (base 8) in base 7?
56205342
-543 (base 14) to base 15
-494
401204420 (base 5) to base 16
182f59
Convert -14421433110 (base 5) to base 15.
-1a6b905
-1101001101110111 (base 2) to base 9
-82230
What is 8aba10 (base 15) in base 13?
14aa650
What is 241003515 (base 6) in base 8?
21210607
-51443555 (base 6) to base 15
-1e4842
338867 (base 11) to base 9
1011037
Convert 12111220201 (base 3) to base